True
Is 10291101971 prime?
True
Is 2168745827 a prime number?
True
Is 1200125023 prime?
True
Is 917834783 composite?
False
Is 164496723305 a prime number?
False
Is 577255417 a composite number?
True
Is 489392783 composite?
True
Is 210774858847 composite?
True
Is 171734603 a composite number?
False
Is 25075565813 a composite number?
False
Is 47318070659 a composite number?
False
Is 51675897851 a prime number?
True
Is 2934141929 prime?
False
Is 183321349 a prime number?
False
Is 54748314331 a composite number?
False
Is 2894884159 a composite number?
False
Is 1129948649 a composite number?
True
Is 8349168251 a composite number?
True
Is 192430345633 prime?
True
Is 16978559873 a composite number?
True
Is 5775402719 a composite number?
True
Is 221003595859 a prime number?
True
Is 69324043 composite?
False
Is 13065511863 a prime number?
False
Is 2761991591 prime?
False
Is 24835226813 a composite number?
False
Is 1098257659 a composite number?
True
Is 1835205583 a composite number?
False
Is 108186674903 prime?
True
Is 7845086981 composite?
False
Is 2675041063 prime?
True
Is 19230750842 a prime number?
False
Is 157552723 a composite number?
False
Is 62285664329 composite?
True
Is 74635741415 a composite number?
True
Is 59299537613 prime?
True
Is 18823906749 a composite number?
True
Is 3738190922 composite?
True
Is 21688375547 prime?
False
Is 275596907767 a prime number?
True
Is 43975016713 composite?
True
Is 5104784033 a prime number?
True
Is 11527863317 a composite number?
True
Is 1858093487 a prime number?
True
Is 1993958191 a prime number?
False
Is 69064738 prime?
False
Is 3818692271 composite?
True
Is 2821060747 a prime number?
False
Is 4350934979 a prime number?
True
Is 402364351 a composite number?
False
Is 4902179929 a prime number?
True
Is 35168873 composite?
False
Is 533566703 a composite number?
False
Is 197327311 a composite number?
True
Is 1979325167 a composite number?
True
Is 2268469039 a composite number?
False
Is 105688988617 a prime number?
True
Is 311506747 composite?
False
Is 482011801 prime?
False
Is 761109119 prime?
True
Is 2169461873 composite?
False
Is 1709090351 a composite number?
False
Is 23517679711 a prime number?
True
Is 3379557581 composite?
False
Is 31931026531 prime?
False
Is 1897055903 prime?
True
Is 145352505139 a prime number?
True
Is 496157045 composite?
True
Is 158173004917 a prime number?
True
Is 7902227 a prime number?
True
Is 132802041863 prime?
False
Is 6429205753 a composite number?
True
Is 2305229651 composite?
True
Is 46743644279 prime?
False
Is 1230627647 a composite number?
False
Is 119410591607 a composite number?
False
Is 9195951511 a composite number?
False
Is 1857009961 a prime number?
True
Is 1447351673 composite?
False
Is 5905028819 a prime number?
True
Is 843443539 prime?
True
Is 550296521 a prime number?
True
Is 12174620827 composite?
True
Is 127939586563 a prime number?
True
Is 187154813 a composite number?
False
Is 23183029 a composite number?
False
Is 3748360523 composite?
False
Is 27716852353 composite?
True
Is 9570810149 prime?
True
Is 10409775143 a prime number?
False
Is 5027897423 a prime number?
True
Is 3050608454 a prime number?
False
Is 4111675613 a prime number?
True
Is 8114703031 composite?
True
Is 2725754299 prime?
True
Is 15822844397 a prime number?
True
Is 11646701237 a composite number?
True
Is 389772563 prime?
False
Is 6125119879 composite?
True
Is 324895201737 composite?
True
Is 12257572193 a prime number?
False
Is 701848109 a composite number?
False
Is 41082203 a composite number?
False
Is 1449709099 a composite number?
True
Is 98760745037 composite?
False
Is 33075851779 a composite number?
True
Is 6513066519 composite?
True
Is 14594078423 a composite number?
False
Is 43309349 a prime number?
True
Is 18315294826 a composite number?
True
Is 61492174991 a composite number?
True
Is 352147119 a composite number?
True
Is 7498432478 composite?
True
Is 27324197 a composite number?
False
Is 407900473 prime?
False
Is 81700302377 prime?
False
Is 1879906369 a composite number?
True
Is 56552058523 prime?
True
Is 1315718135 a prime number?
False
Is 31144409383 composite?
False
Is 12238973363 composite?
True
Is 11171548783 prime?
True
Is 10097767481 a composite number?
True
Is 2256961373 prime?
True
Is 411182329 a prime number?
False
Is 274112569 composite?
False
Is 43658446301 prime?
True
Is 33114673489 a composite number?
False
Is 49429644749 a composite number?
False
Is 764433907 a composite number?
True
Is 198542863 a composite number?
True
Is 2441427049 a prime number?
True
Is 1671734843 composite?
True
Is 3372157759 composite?
False
Is 19488100061 composite?
True
Is 14294916637 composite?
True
Is 156912769369 prime?
False
Is 6220007615 a composite number?
True
Is 1470439391 a prime number?
False
Is 130541822 prime?
False
Is 3760518379 composite?
False
Is 19261775791 a composite number?
True
Is 284768423 composite?
True
Is 43956899281 a composite number?
False
Is 6378090343 a prime number?
True
Is 7523467207 prime?
True
Is 454764851 a composite number?
True
Is 7115513377 a prime number?
False
Is 12305296489 prime?
True
Is 2738248453 composite?
False
Is 973209737 a composite number?
True
Is 324110789 prime?
False
Is 48184463941 prime?
True
Is 58700401313 a composite number?
True
Is 720388367 prime?
True
Is 11033567 prime?
True
Is 737637721 a prime number?
False
Is 759001459 a prime number?
True
Is 190003387 a composite number?
True
Is 84529671035 a composite number?
True
Is 2059469695 composite?
True
Is 5203784567 a composite number?
False
Is 1060643833 composite?
False
Is 99679441 composite?
False
Is 118847973 composite?
True
Is 35750019551 prime?
True
Is 6109306901 a composite number?
False
Is 818598931 prime?
True
Is 106098300443 prime?
False
Is 46234323529 a prime number?
False
Is 189207191 composite?
True
Is 9334919879 a composite number?
True
Is 2282139659 prime?
False
Is 841351303 a composite number?
True
Is 24527588051 composite?
False
Is 15313073879 composite?
True
Is 66965920067 composite?
False
Is 18070071 prime?
False
Is 3261372809 prime?
True
Is 189066533 a composite number?
False
Is 1843166693 prime?
False
Is 1630131647 a prime number?
False
Is 21152509307 a composite number?
False
Is 1837020011 a prime number?
True
Is 185888719 a composite number?
False
Is 22103834449 a composite number?
False
Is 639284567 prime?
True
Is 6756901397 a composite number?
False
Is 34107991129 prime?
False
Is 2967732637 composite?
True
Is 477555817 composite?
True
Is 8307488087 a composite number?
False
Is 1319623649 a prime number?
True
Is 66363119 composite?
True
Is 936053389 a prime number?
True
Is 6971919587 prime?
True
Is 1705154741 a prime number?
True
Is 6833399 prime?
True
Is 5468883667 a composite number?
True
Is 30068802349 a composite number?
True
Is 1400409931 prime?
True
Is 5955114491 a composite number?
False
Is 2700664639 a prime number?
True
Is 159417566729 a prime number?
True
Is 934460447 a composite number?
False
Is 128930197439 composite?
False
Is 1687358111 a prime number?
False
Is 4667903929 composite?
True
Is 1349296087 a composite number?
False
Is 50029618577 a composite number?
False
Is 2602740757 a composite number?
True
Is 241865641 a prime number?
True
Is 90373093 a prime number?
True
Is 1296834211 composite?
True
Is 378560929 a prime number?
True
Is 41284804867 a prime number?
False
Is 4953061229 a composite number?
True
Is 9066744041 prime?
True
Is 11430686123 composite?
False
Is 431977946 prime?
False
Is 162844890601 a prime number?
False
Is 2349548053 a prime number?
False
Is 72149281 prime?
False
Is 551290561 a composite number?
False
Is 66899689 prime?
True
Is 1368620759 a prime number?
False
Is 4210018451 a prime number?
False
Is 100170347687 prime?
False
Is 4211689607 composite?
True
Is 283383206 a prime number?
False
Is 2540153249 composite?
True
Is 1601288203 composite?
True
Is 746680153 composite?
False
Is 77571661 a composite number?
True
Is 15862870871 composite?
False
Is 26196633418 a composite number?
True
Is 23187579563 a prime number?
True
Is 4527130499 a composite number?
False
Is 258918827 a prime number?
True
Is 1787738423 prime?
False
Is 897414823 a prime number?
False
Is 72789907 a composite number?
False
Is 12383420377 prime?
True
Is 36959846